{"id":12,"date":"2023-01-10T01:10:42","date_gmt":"2023-01-10T01:10:42","guid":{"rendered":"https:\/\/academiaaulaabierta.es\/cursos\/student-registration\/"},"modified":"2023-01-10T01:10:42","modified_gmt":"2023-01-10T01:10:42","slug":"student-registration","status":"publish","type":"page","link":"https:\/\/academiaaulaabierta.es\/cursos\/student-registration\/","title":{"rendered":"Student Registration"},"content":{"rendered":"\n\n\t\n\t<form method=\"post\" enctype=\"multipart\/form-data\" id=\"tutor-registration-from\">\n\t\t<input type=\"hidden\" name=\"tutor_course_enroll_attempt\" value=\"\">\n\t\t\n\t\t<input type=\"hidden\" id=\"_tutor_nonce\" name=\"_tutor_nonce\" value=\"9974e7225b\" \/><input type=\"hidden\" name=\"_wp_http_referer\" value=\"\/cursos\/wp-json\/wp\/v2\/pages\/12\" \/>\t\t<input type=\"hidden\" value=\"tutor_register_student\" name=\"tutor_action\"\/>\n\n\t\t\n\t\t<div class=\"tutor-form-row\">\n\t\t\t<div class=\"tutor-form-col-6\">\n\t\t\t\t<div class=\"tutor-form-group\">\n\t\t\t\t\t<label>\n\t\t\t\t\t\tNombre\t\t\t\t\t<\/label>\n\n\t\t\t\t\t<input type=\"text\" name=\"first_name\" value=\"\" placeholder=\"Nombre\" required autocomplete=\"given-name\">\n\t\t\t\t<\/div>\n\t\t\t<\/div>\n\n\t\t\t<div class=\"tutor-form-col-6\">\n\t\t\t\t<div class=\"tutor-form-group\">\n\t\t\t\t\t<label>\n\t\t\t\t\t\tApellidos\t\t\t\t\t<\/label>\n\n\t\t\t\t\t<input type=\"text\" name=\"last_name\" value=\"\" placeholder=\"Apellidos\" required autocomplete=\"family-name\">\n\t\t\t\t<\/div>\n\t\t\t<\/div>\n\n\t\t<\/div>\n\n\t\t<div class=\"tutor-form-row\">\n\t\t\t<div class=\"tutor-form-col-6\">\n\t\t\t\t<div class=\"tutor-form-group\">\n\t\t\t\t\t<label>\n\t\t\t\t\t\tNombre de usuario\t\t\t\t\t<\/label>\n\n\t\t\t\t\t<input type=\"text\" name=\"user_login\" class=\"tutor_user_name\" value=\"\" placeholder=\"Nombre de usuario\" required autocomplete=\"username\">\n\t\t\t\t<\/div>\n\t\t\t<\/div>\n\n\t\t\t<div class=\"tutor-form-col-6\">\n\t\t\t\t<div class=\"tutor-form-group\">\n\t\t\t\t\t<label>\n\t\t\t\t\t\tCorreo electr\u00f3nico\t\t\t\t\t<\/label>\n\n\t\t\t\t\t<input type=\"text\" name=\"email\" value=\"\" placeholder=\"Correo electr\u00f3nico\" required autocomplete=\"email\">\n\t\t\t\t<\/div>\n\t\t\t<\/div>\n\n\t\t<\/div>\n\n\t\t<div class=\"tutor-form-row\">\n\t\t\t<div class=\"tutor-form-col-6\">\n\t\t\t\t<div class=\"tutor-form-group\">\n\t\t\t\t\t<label>\n\t\t\t\t\t\tContrase\u00f1a\t\t\t\t\t<\/label>\n\n\t\t\t\t\t<input type=\"password\" name=\"password\" value=\"\" placeholder=\"Contrase\u00f1a\" required autocomplete=\"new-password\">\n\t\t\t\t<\/div>\n\t\t\t<\/div>\n\n\t\t\t<div class=\"tutor-form-col-6\">\n\t\t\t\t<div class=\"tutor-form-group\">\n\t\t\t\t\t<label>\n\t\t\t\t\t\tConfirmaci\u00f3n de contrase\u00f1a\t\t\t\t\t<\/label>\n\n\t\t\t\t\t<input type=\"password\" name=\"password_confirmation\" value=\"\" placeholder=\"Confirmaci\u00f3n de contrase\u00f1a\" required autocomplete=\"new-password\">\n\t\t\t\t<\/div>\n\t\t\t<\/div>\n\t\t<\/div>\n\n\n\t\t<div class=\"tutor-form-row\">\n\t\t\t<div class=\"tutor-form-col-12\">\n\t\t\t\t<div class=\"tutor-form-group\">\n\t\t\t\t\t\t\t\t<\/div>\n\t\t\t<\/div>\n\t\t<\/div>    \n\n\t\t\n\t\t\t\t\n\t\t<div>\n\t\t\t<button type=\"submit\" name=\"tutor_register_student_btn\" value=\"register\" class=\"tutor-btn tutor-btn-primary\">Reg\u00edstrate<\/button>\n\t\t<\/div>\n\n\t<\/form>\n\t","protected":false},"excerpt":{"rendered":"<p>Nombre Apellidos Nombre de usuario Correo electr\u00f3nico Contrase\u00f1a Confirmaci\u00f3n de contrase\u00f1a Reg\u00edstrate<\/p>\n","protected":false},"author":1,"featured_media":0,"parent":0,"menu_order":0,"comment_status":"closed","ping_status":"closed","template":"","meta":{"footnotes":""},"class_list":["post-12","page","type-page","status-publish","hentry","is-cat-link-solid-light is-cat-link-rounded"],"_links":{"self":[{"href":"https:\/\/academiaaulaabierta.es\/cursos\/wp-json\/wp\/v2\/pages\/12","targetHints":{"allow":["GET"]}}],"collection":[{"href":"https:\/\/academiaaulaabierta.es\/cursos\/wp-json\/wp\/v2\/pages"}],"about":[{"href":"https:\/\/academiaaulaabierta.es\/cursos\/wp-json\/wp\/v2\/types\/page"}],"author":[{"embeddable":true,"href":"https:\/\/academiaaulaabierta.es\/cursos\/wp-json\/wp\/v2\/users\/1"}],"replies":[{"embeddable":true,"href":"https:\/\/academiaaulaabierta.es\/cursos\/wp-json\/wp\/v2\/comments?post=12"}],"version-history":[{"count":0,"href":"https:\/\/academiaaulaabierta.es\/cursos\/wp-json\/wp\/v2\/pages\/12\/revisions"}],"wp:attachment":[{"href":"https:\/\/academiaaulaabierta.es\/cursos\/wp-json\/wp\/v2\/media?parent=12"}],"curies":[{"name":"wp","href":"https:\/\/api.w.org\/{rel}","templated":true}]}}